[INFO] cloning repository https://github.com/samgiles/weekendraytracer
[INFO] running `Command { std: "git" "-c" "credential.helper=" "-c" "credential.helper=/workspace/cargo-home/bin/git-credential-null" "clone" "--bare" "https://github.com/samgiles/weekendraytracer" "/workspace/cache/git-repos/https%3A%2F%2Fgithub.com%2Fsamgiles%2Fweekendraytracer", kill_on_drop: false }`
[INFO] [stderr] Cloning into bare repository '/workspace/cache/git-repos/https%3A%2F%2Fgithub.com%2Fsamgiles%2Fweekendraytracer'...
[INFO] running `Command { std: "git" "rev-parse" "HEAD", kill_on_drop: false }`
[INFO] [stdout] 5d5fa8b2ddccecf01d5331558e671af482203dee
[INFO] checking samgiles/weekendraytracer against try#72f88fc4e9458f89516a0b8b0868f3718aec5b47 for pr-74989
[INFO] running `Command { std: "git" "clone" "/workspace/cache/git-repos/https%3A%2F%2Fgithub.com%2Fsamgiles%2Fweekendraytracer" "/workspace/builds/worker-3/source", kill_on_drop: false }`
[INFO] [stderr] Cloning into '/workspace/builds/worker-3/source'...
[INFO] [stderr] done.
[INFO] validating manifest of git repo https://github.com/samgiles/weekendraytracer on toolchain 72f88fc4e9458f89516a0b8b0868f3718aec5b47
[INFO] running `Command { std: "/workspace/cargo-home/bin/cargo" "+72f88fc4e9458f89516a0b8b0868f3718aec5b47" "read-manifest" "--manifest-path" "Cargo.toml", kill_on_drop: false }`
[INFO] started tweaking git repo https://github.com/samgiles/weekendraytracer
[INFO] removed path dependency ppm from git repo https://github.com/samgiles/weekendraytracer
[INFO] removed path dependency vector from git repo https://github.com/samgiles/weekendraytracer
[INFO] finished tweaking git repo https://github.com/samgiles/weekendraytracer
[INFO] tweaked toml for git repo https://github.com/samgiles/weekendraytracer written to /workspace/builds/worker-3/source/Cargo.toml
[INFO] crate git repo https://github.com/samgiles/weekendraytracer already has a lockfile, it will not be regenerated
[INFO] running `Command { std: "/workspace/cargo-home/bin/cargo" "+72f88fc4e9458f89516a0b8b0868f3718aec5b47" "fetch" "--locked" "--manifest-path" "Cargo.toml", kill_on_drop: false }`
[INFO] [stderr] warning: dependency (ppm) specified without providing a local path, Git repository, or version to use. This will be considered an error in future versions
[INFO] [stderr] warning: dependency (vector) specified without providing a local path, Git repository, or version to use. This will be considered an error in future versions
[INFO] [stderr]     Updating crates.io index
[INFO] [stderr] error: the lock file /workspace/builds/worker-3/source/Cargo.lock needs to be updated but --locked was passed to prevent this
[INFO] [stderr] If you want to try to generate the lock file without accessing the network, use the --offline flag.
[INFO] the lockfile is outdated, regenerating it
[INFO] running `Command { std: "/workspace/cargo-home/bin/cargo" "+72f88fc4e9458f89516a0b8b0868f3718aec5b47" "generate-lockfile" "--manifest-path" "Cargo.toml" "-Zno-index-update", kill_on_drop: false }`
[INFO] running `Command { std: "/workspace/cargo-home/bin/cargo" "+72f88fc4e9458f89516a0b8b0868f3718aec5b47" "fetch" "--locked" "--manifest-path" "Cargo.toml", kill_on_drop: false }`
[INFO] [stderr] warning: dependency (ppm) specified without providing a local path, Git repository, or version to use. This will be considered an error in future versions
[INFO] [stderr] warning: dependency (vector) specified without providing a local path, Git repository, or version to use. This will be considered an error in future versions
[INFO] [stderr]  Downloading crates ...
[INFO] [stderr]   Downloaded ppm v0.1.0
[INFO] [stderr]   Downloaded vector v0.0.0
[INFO] running `Command { std: "docker" "create" "-v" "/var/lib/crater-agent-workspace/builds/worker-3/target:/opt/rustwide/target:rw,Z" "-v" "/var/lib/crater-agent-workspace/builds/worker-3/source:/opt/rustwide/workdir:ro,Z" "-v" "/var/lib/crater-agent-workspace/cargo-home:/opt/rustwide/cargo-home:ro,Z" "-v" "/var/lib/crater-agent-workspace/rustup-home:/opt/rustwide/rustup-home:ro,Z" "-e" "SOURCE_DIR=/opt/rustwide/workdir" "-e" "CARGO_TARGET_DIR=/opt/rustwide/target" "-e" "CARGO_HOME=/opt/rustwide/cargo-home" "-e" "RUSTUP_HOME=/opt/rustwide/rustup-home" "-w" "/opt/rustwide/workdir" "-m" "1610612736" "--user" "0:0" "--network" "none" "rustops/crates-build-env@sha256:d92eaeed33fa75130ca1ee6c8a01d1ffb62bac859dfdfb3450e3e5d1c0146529" "/opt/rustwide/cargo-home/bin/cargo" "+72f88fc4e9458f89516a0b8b0868f3718aec5b47" "metadata" "--no-deps" "--format-version=1", kill_on_drop: false }`
[INFO] [stdout] 4baa2f01562b47caf8b27ddd1c8ef32e9edd97b008a9d1056aa174fdbf28e50f
[INFO] [stderr] WARNING: Your kernel does not support swap limit capabilities or the cgroup is not mounted. Memory limited without swap.
[INFO] running `Command { std: "docker" "start" "-a" "4baa2f01562b47caf8b27ddd1c8ef32e9edd97b008a9d1056aa174fdbf28e50f", kill_on_drop: false }`
[INFO] running `Command { std: "docker" "inspect" "4baa2f01562b47caf8b27ddd1c8ef32e9edd97b008a9d1056aa174fdbf28e50f", kill_on_drop: false }`
[INFO] running `Command { std: "docker" "rm" "-f" "4baa2f01562b47caf8b27ddd1c8ef32e9edd97b008a9d1056aa174fdbf28e50f", kill_on_drop: false }`
[INFO] [stdout] 4baa2f01562b47caf8b27ddd1c8ef32e9edd97b008a9d1056aa174fdbf28e50f
[INFO] running `Command { std: "docker" "create" "-v" "/var/lib/crater-agent-workspace/builds/worker-3/target:/opt/rustwide/target:rw,Z" "-v" "/var/lib/crater-agent-workspace/builds/worker-3/source:/opt/rustwide/workdir:ro,Z" "-v" "/var/lib/crater-agent-workspace/cargo-home:/opt/rustwide/cargo-home:ro,Z" "-v" "/var/lib/crater-agent-workspace/rustup-home:/opt/rustwide/rustup-home:ro,Z" "-e" "SOURCE_DIR=/opt/rustwide/workdir" "-e" "CARGO_TARGET_DIR=/opt/rustwide/target" "-e" "CARGO_INCREMENTAL=0" "-e" "RUST_BACKTRACE=full" "-e" "RUSTFLAGS=--cap-lints=forbid" "-e" "CARGO_HOME=/opt/rustwide/cargo-home" "-e" "RUSTUP_HOME=/opt/rustwide/rustup-home" "-w" "/opt/rustwide/workdir" "-m" "1610612736" "--user" "0:0" "--network" "none" "rustops/crates-build-env@sha256:d92eaeed33fa75130ca1ee6c8a01d1ffb62bac859dfdfb3450e3e5d1c0146529" "/opt/rustwide/cargo-home/bin/cargo" "+72f88fc4e9458f89516a0b8b0868f3718aec5b47" "check" "--frozen" "--all" "--all-targets" "--message-format=json", kill_on_drop: false }`
[INFO] [stdout] a41c0c7768a6c2491e2c6cad986daeabc0d67b18eda5807e6ebb6d6bfb0388dd
[INFO] [stderr] WARNING: Your kernel does not support swap limit capabilities or the cgroup is not mounted. Memory limited without swap.
[INFO] running `Command { std: "docker" "start" "-a" "a41c0c7768a6c2491e2c6cad986daeabc0d67b18eda5807e6ebb6d6bfb0388dd", kill_on_drop: false }`
[INFO] [stderr] warning: dependency (ppm) specified without providing a local path, Git repository, or version to use. This will be considered an error in future versions
[INFO] [stderr] warning: dependency (vector) specified without providing a local path, Git repository, or version to use. This will be considered an error in future versions
[INFO] [stderr]    Compiling libc v0.2.77
[INFO] [stderr]     Checking ppm v0.1.0
[INFO] [stderr]     Checking vector v0.0.0
[INFO] [stderr]     Checking rand v0.4.6
[INFO] [stderr]     Checking rand v0.3.23
[INFO] [stderr]     Checking weekendraytracer v0.1.0 (/opt/rustwide/workdir)
[INFO] [stdout] error[E0432]: unresolved import `vector::Vector4`
[INFO] [stdout]  --> src/camera.rs:1:5
[INFO] [stdout]   |
[INFO] [stdout] 1 | use vector::Vector4;
[INFO] [stdout]   |     ^^^^^^^^^^^^^^^ no `Vector4` in the root
[INFO] [stdout] 
[INFO] [stdout] 
[INFO] [stdout] error[E0432]: unresolved import `vector::Vector4`
[INFO] [stdout]  --> src/material.rs:3:5
[INFO] [stdout]   |
[INFO] [stdout] 3 | use vector::Vector4;
[INFO] [stdout]   |     ^^^^^^^^^^^^^^^ no `Vector4` in the root
[INFO] [stdout] 
[INFO] [stdout] 
[INFO] [stdout] error[E0432]: unresolved import `vector::Vector4`
[INFO] [stdout]  --> src/ray.rs:1:5
[INFO] [stdout]   |
[INFO] [stdout] 1 | use vector::Vector4;
[INFO] [stdout]   |     ^^^^^^^^^^^^^^^ no `Vector4` in the root
[INFO] [stdout] 
[INFO] [stdout] 
[INFO] [stdout] error[E0432]: unresolved import `vector::Vector4`
[INFO] [stdout]  --> src/renderable.rs:2:5
[INFO] [stdout]   |
[INFO] [stdout] 2 | use vector::Vector4;
[INFO] [stdout]   |     ^^^^^^^^^^^^^^^ no `Vector4` in the root
[INFO] [stdout] 
[INFO] [stdout] 
[INFO] [stdout] error[E0432]: unresolved import `vector::Vector4`
[INFO] [stdout]  --> src/sphere.rs:2:5
[INFO] [stdout]   |
[INFO] [stdout] 2 | use vector::Vector4;
[INFO] [stdout]   |     ^^^^^^^^^^^^^^^ no `Vector4` in the root
[INFO] [stdout] 
[INFO] [stdout] 
[INFO] [stdout] warning: trait objects without an explicit `dyn` are deprecated
[INFO] [stdout]   --> src/renderable.rs:10:26
[INFO] [stdout]    |
[INFO] [stdout] 10 |     pub material: Rc<Box<Material>>,
[INFO] [stdout]    |                          ^^^^^^^^ help: use `dyn`: `dyn Material`
[INFO] [stdout]    |
[INFO] [stdout]    = note: `#[warn(bare_trait_objects)]` on by default
[INFO] [stdout] 
[INFO] [stdout] 
[INFO] [stdout] warning: trait objects without an explicit `dyn` are deprecated
[INFO] [stdout]   --> src/renderable.rs:14:94
[INFO] [stdout]    |
[INFO] [stdout] 14 |     pub fn new(distance: f32, intersection_point: Vector4, normal: Vector4, material: Rc<Box<Material>>) -> Self {
[INFO] [stdout]    |                                                                                              ^^^^^^^^ help: use `dyn`: `dyn Material`
[INFO] [stdout] 
[INFO] [stdout] 
[INFO] [stdout] warning: trait objects without an explicit `dyn` are deprecated
[INFO] [stdout]   --> src/renderable.rs:28:26
[INFO] [stdout]    |
[INFO] [stdout] 28 | impl Renderable for [Box<Renderable>] {
[INFO] [stdout]    |                          ^^^^^^^^^^ help: use `dyn`: `dyn Renderable`
[INFO] [stdout] 
[INFO] [stdout] 
[INFO] [stdout] warning: trait objects without an explicit `dyn` are deprecated
[INFO] [stdout]   --> src/sphere.rs:10:22
[INFO] [stdout]    |
[INFO] [stdout] 10 |     material: Rc<Box<Material>>,
[INFO] [stdout]    |                      ^^^^^^^^ help: use `dyn`: `dyn Material`
[INFO] [stdout] 
[INFO] [stdout] 
[INFO] [stdout] error[E0432]: unresolved import `vector::Vector4`
[INFO] [stdout]  --> src/camera.rs:1:5
[INFO] [stdout]   |
[INFO] [stdout] 1 | use vector::Vector4;
[INFO] [stdout]   |     ^^^^^^^^^^^^^^^ no `Vector4` in the root
[INFO] [stdout] 
[INFO] [stdout] 
[INFO] [stdout] error[E0432]: unresolved import `vector::Vector4`
[INFO] [stdout]  --> src/material.rs:3:5
[INFO] [stdout]   |
[INFO] [stdout] 3 | use vector::Vector4;
[INFO] [stdout]   |     ^^^^^^^^^^^^^^^ no `Vector4` in the root
[INFO] [stdout] 
[INFO] [stdout] 
[INFO] [stdout] error[E0432]: unresolved import `vector::Vector4`
[INFO] [stdout]  --> src/ray.rs:1:5
[INFO] [stdout]   |
[INFO] [stdout] 1 | use vector::Vector4;
[INFO] [stdout]   |     ^^^^^^^^^^^^^^^ no `Vector4` in the root
[INFO] [stdout] 
[INFO] [stdout] 
[INFO] [stdout] error[E0432]: unresolved import `vector::Vector4`
[INFO] [stdout]  --> src/renderable.rs:2:5
[INFO] [stdout]   |
[INFO] [stdout] 2 | use vector::Vector4;
[INFO] [stdout]   |     ^^^^^^^^^^^^^^^ no `Vector4` in the root
[INFO] [stdout] 
[INFO] [stdout] 
[INFO] [stdout] error[E0432]: unresolved import `vector::Vector4`
[INFO] [stdout]  --> src/sphere.rs:2:5
[INFO] [stdout]   |
[INFO] [stdout] 2 | use vector::Vector4;
[INFO] [stdout]   |     ^^^^^^^^^^^^^^^ no `Vector4` in the root
[INFO] [stdout] 
[INFO] [stdout] 
[INFO] [stdout] error: aborting due to 5 previous errors; 4 warnings emitted
[INFO] [stdout] 
[INFO] [stdout] 
[INFO] [stdout] For more information about this error, try `rustc --explain E0432`.
[INFO] [stdout] 
[INFO] [stdout] warning: trait objects without an explicit `dyn` are deprecated
[INFO] [stdout]   --> src/renderable.rs:10:26
[INFO] [stdout]    |
[INFO] [stdout] 10 |     pub material: Rc<Box<Material>>,
[INFO] [stdout]    |                          ^^^^^^^^ help: use `dyn`: `dyn Material`
[INFO] [stdout]    |
[INFO] [stdout]    = note: `#[warn(bare_trait_objects)]` on by default
[INFO] [stdout] 
[INFO] [stdout] 
[INFO] [stderr] error: could not compile `weekendraytracer`.
[INFO] [stdout] warning: trait objects without an explicit `dyn` are deprecated
[INFO] [stdout]   --> src/renderable.rs:14:94
[INFO] [stdout]    |
[INFO] [stdout] 14 |     pub fn new(distance: f32, intersection_point: Vector4, normal: Vector4, material: Rc<Box<Material>>) -> Self {
[INFO] [stdout]    |                                                                                              ^^^^^^^^ help: use `dyn`: `dyn Material`
[INFO] [stdout] 
[INFO] [stdout] 
[INFO] [stderr] 
[INFO] [stdout] warning: trait objects without an explicit `dyn` are deprecated
[INFO] [stdout]   --> src/renderable.rs:28:26
[INFO] [stdout]    |
[INFO] [stdout] 28 | impl Renderable for [Box<Renderable>] {
[INFO] [stdout]    |                          ^^^^^^^^^^ help: use `dyn`: `dyn Renderable`
[INFO] [stdout] 
[INFO] [stdout] 
[INFO] [stderr] To learn more, run the command again with --verbose.
[INFO] [stdout] warning: trait objects without an explicit `dyn` are deprecated
[INFO] [stdout]   --> src/sphere.rs:10:22
[INFO] [stdout]    |
[INFO] [stdout] 10 |     material: Rc<Box<Material>>,
[INFO] [stdout]    |                      ^^^^^^^^ help: use `dyn`: `dyn Material`
[INFO] [stdout] 
[INFO] [stdout] 
[INFO] [stderr] warning: build failed, waiting for other jobs to finish...
[INFO] [stdout] error: aborting due to 5 previous errors; 4 warnings emitted
[INFO] [stdout] 
[INFO] [stdout] 
[INFO] [stdout] For more information about this error, try `rustc --explain E0432`.
[INFO] [stdout] 
[INFO] [stderr] error: build failed
[INFO] running `Command { std: "docker" "inspect" "a41c0c7768a6c2491e2c6cad986daeabc0d67b18eda5807e6ebb6d6bfb0388dd", kill_on_drop: false }`
[INFO] running `Command { std: "docker" "rm" "-f" "a41c0c7768a6c2491e2c6cad986daeabc0d67b18eda5807e6ebb6d6bfb0388dd", kill_on_drop: false }`
[INFO] [stdout] a41c0c7768a6c2491e2c6cad986daeabc0d67b18eda5807e6ebb6d6bfb0388dd
